base 9.
-356
Convert 4e5 (base 15) to base 2.
10001011011
100101101111 (base 2) to base 16
96f
486 (base 15) to base 16
402
What is 37b8 (base 12) in base 9?
8615
-176a (base 13) to base 3
-11202110
Convert 101322213 (base 4) to base 13.
2752b
Convert -2472 (base 15) to base 8.
-17115
Convert 1103 (base 8) to base 6.
2403
1331022 (base 4) to base 16
1f4a
What is -1100011101000 (base 2) in base 13?
-2b96
Convert -33313 (base 4) to base 7.
-2650
Convert -1140 (base 6) to base 5.
-2101
Convert 639 (base 11) to base 16.
300
What is 223 (base 16) in base 11?
458
What is -455 (base 10) in base 6?
-2035
333232 (base 4) to base 7
14614
Convert -11b0 (base 13) to base 4.
-213031
Convert -7685 (base 14) to base 5.
-1124001
What is -9e78 (base 15) in base 8?
-101546
What is -133 (base 4) in base 5?
-111
2148 (base 9) to base 12
abb
-11102101 (base 3) to base 5
-100343
What is -1c7 (base 15) in base 4?
-12130
-3115 (base 7) to base 16
-442
Convert -935 (base 11) to base 15.
-502
Convert 66415 (base 7) to base 14.
610c
What is 9067 (base 11) in base 7?
50065
Convert -3223023 (base 4) to base 9.
-22573
24241 (base 5) to base 15
816
Convert -2131213 (base 4) to base 14.
-3967
Convert -135 (base 8) to base 7.
-162
What is 97 (base 12) in base 8?
163
Convert 11345 (base 6) to base 4.
121301
2a3 (base 11) to base 10
355
Convert -585 (base 10) to base 9.
-720
Convert 2222202212 (base 3) to base 8.
163003
What is 88aa (base 15) in base 8?
70440
166 (base 8) to base 3
11101
Convert -8807 (base 9) to base 13.
-2c50
-183 (base 10) to base 16
-b7
Convert -432 (base 5) to base 13.
-90
What is -488 (base 9) in base 6?
-1512
What is -40144 (base 5) in base 16?
-9f5
101011112 (base 3) to base 9
11145
7f6d (base 16) to base 13
11b04
Convert -4186 (base 11) to base 15.
-1994
What is 203340 (base 5) in base 12?
3a80
Convert 14a (base 13) to base 6.
1023
What is -2440 (base 10) in base 4?
-212020
What is 323001 (base 4) in base 15?
11bc
Convert 18403 (base 14) to base 3.
10002220000
2040 (base 7) to base 12
4b6
-57 (base 14) to base 4
-1031
Convert 5b1 (base 14) to base 12.
7a7
aba (base 13) to base 8
3463
Convert 363641 (base 7) to base 5.
4104204
What is -304 (base 6) in base 2?
-1110000
Convert -36 (base 8) to base 7.
-42
What is a55 (base 11) in base 13?
769
What is -421240 (base 5) in base 6?
-144321
What is 914 (base 16) in base 14?
bc0
What is -67077 (base 8) in base 9?
-42638
What is -296 (base 15) in base 12?
-413
What is 414 (base 10) in base 16?
19e
Convert 4623 (base 15) to base 13.
6a0b
Convert 1333410 (base 5) to base 14.
9d7d
Convert 5223 (base 7) to base 14.
94a
What is 2220102 (base 3) in base 15?
962
Convert 503 (base 10) to base 5.
4003
14fe (base 16) to base 8
12376
What is -214042 (base 5) in base 3?
-101010222
What is 1052 (base 10) in base 9?
1388
What is 1110110 (base 4) in base 8?
12424
Convert -71 (base 8) to base 7.
-111
What is 5b62 (base 12) in base 10?
10298
Convert -202430 (base 5) to base 4.
-1213113
What is -6750 (base 8) in base 15?
-10c5
What is -1112 (base 3) in base 6?
-105
1110001010 (base 2) to base 5
12111
What is -374 (base 10) in base 7?
-1043
-27348 (base 9) to base 7
-104654
What is -491 (base 16) in base 4?
-102101
15540 (base 11) to base 9
33083
What is -2320 (base 6) in base 12?
-3a0
What is 33a (base 12) in base 5?
3403
-1312120 (base 4) to base 2
-1110110011000
What is 6436 (base 12) in base 2?
10101011101010
What is -131222 (base 4) in base 15?
-868
What is 2446 (base 7) in base 11?
763
What is 266546 (base 7) in base 16?
c4b5
Convert 21111 (base 4) to base 7.
1512
Convert 1135 (base 6) to base 14.
159
What is 3523 (base 6) in base 10?
843
Convert 2b0 (base 15) to base 14.
31d
Convert -25223 (base 6) to base 16.
-eaf
Convert -1780 (base 12) to base 4.
-230100
Convert 1102130 (base 4) to base 7.
21245
7606 (base 8) to base 13
1a69
Convert -10011001 (base 2) to base 8.
-231
Convert 59a (base 13) to base 3.
1100000
What is -24064 (base 7) in base 10?
-6220
What is 849 (base 11) in base 3?
1101211
Convert 100311 (base 4) to base 3.
1110220
Convert 2121000 (base 3) to base 8.
3542
Convert -12550 (base 8) to base 14.
-1dd6
What is 111061 (base 7) in base 12?
b40a
12070 (base 9) to base 2
1111110010010
Convert -1212010 (base 3) to base 14.
-6c9
-351451 (base 7) to base 9
-105371
Convert 10510 (base 6) to base 14.
77c
Convert -144022 (base 5) to base 13.
-2a41
-3742 (base 9) to base 11
-2109
3d1 (base 14) to base 7
2151
Convert -1100121 (base 3) to base 12.
-6a4
-1278 (base 10) to base 12
-8a6
Convert 5503 (base 8) to base 10.
2883
-96 (base 11) to base 2
-1101001
23322010 (base 4) to base 15
e6b7
Convert 20244 (base 6) to base 8.
5204
Convert -2000212 (base 3) to base 7.
-4214
1003 (base 4) to base 15
47
-b93 (base 12) to base 4
-122133
What is -638 (base 9) in base 4?
-20021
-3c0 (base 16) to base 3
-1022120
-1733 (base 10) to base 13
-a34
What is -19a (base 12) in base 9?
-321
What is -2432 (base 5) in base 9?
-447
-5808 (base 12) to base 16
-2648
What is 3579 (base 10) in base 12?
20a3
454 (base 6) to base 15
bd
1202210122 (base 3) to base 15
a4d2
What is 5a09 (base 12) in base 9?
14750
-10b5 (base 14) to base 2
-101101010111
-101311 (base 5) to base 11
-2559
What is -429 (base 14) in base 10?
-821
What is -25e (base 15) in base 13?
-326
Convert -10001111000 (base 2) to base 7.
-3223
Convert -122031 (base 5) to base 11.
-353a
111122 (base 3) to base 4
11300
Convert -164b (base 12) to base 7.
-10505
What is 6 (base 8) in base 4?
12
What is eda (base 16) in base 3?
12012211
-3003 (base 5) to base 12
-276
-122826 (base 9) to base 3
-10202220220
16153 (base 7) to base 14
192a
Convert -136025 (base 7) to base 5.
-1313322
210020 (base 3) to base 12
3b9
-3033 (base 4) to base 14
-10b
Convert 363165 (base 7) to base 13.
24033
What is -da2 (base 15) in base 10?
-3077
2324 (base 8) to base 16
4d4
Convert 121202 (base 3) to base 11.
381
Convert 2a3a (base 16) to base 10.
10810
4131 (base 5) to base 14
2a9
Convert -123312 (base 5) to base 7.
-20042
-130033 (base 4) to base 12
-1067
1235 (base 8) to base 14
35b
-100000101100110 (base 2) to base 9
-24862
Convert -250324 (base 6) to base 2.
-101011010001100
3436 (base 7) to base 12
884
What is -61223 (base 7) in base 6?
-152452
What is 47b (base 15) in base 9?
1348
100111100100 (base 2) to base 14
ccc
Convert 2022122 (base 3) to base 14.
88b
8284 (base 10) to base 12
4964
-336 (base 10) to base 5
-2321
Convert -15570 (base 9) to base 10.
-10674
Convert -148 (base 12) to base 5.
-1300
What is 1101100011001011 (base 2) in base 9?
84115
208 (base 9) to base 6
442
Convert 3551 (base 6) to base 2.
1101011011
212212200 (base 3) to base 5
1024111
-100003 (base 4) to base 14
-535
-3243 (base 7) to base 3
-1120220
-100310 (base 6) to base 8
-17322
What is 311 (base 13) in base 3?
201022
What is 2303 (base 5) in base 2?
101001000
Convert 4650 (base 7) to base 15.
786
63d (base 14) to base 10
1231
What is 4752 (base 8) in base 13?
1203
-647 (base 10) to base 2
-1010000111
What is -10100110110000 (base 2) in base 9?
-15567
What is 2300213 (base 4) in base 13?
51b6
What is 56580 (base 10) in base 14?
16896
Convert f4 (base 16) to base 14.
136
Convert 21500 (base 9) to base 4.
3132300
What is -284 (base 16) in base 2?
-1010000100
-125f (base 16) to base 15
-15d8
Convert -240a (base 14) to base 10.
-6282
Convert 581 (base 9) to base 8.
736
-121885 (base 9) to base 4
-101332121
What is 375 (base 12) in base 8?
1011
Convert -8825 (base 10) to base 4.
-2021321
17215 (base 11) to base 10
24216
Convert 767 (base 16) to base 4.
131213
20503 (base 6) to base 11
20a3
What is -2945 (base 12) in base 2?
-1001011000101
-418 (base 12) to base 7
-1511
Convert ca68 (base 14) to base 2.
1000100010100100
What is 113350 (base 6) in base 8?
23202
Convert -3355 (base 9) to base 13.
-118a
Convert 4ba (base 15) to base 2.
10000110011
-714 (base 16) to base 4
-130110
What is 55cb (base 13) in base 7?
46656
Convert 10840 (base 9) to base 5.
212440
Convert -862 (base 10) to base 8.
-1536
Convert 1440 (base 6) to base 8.
600
What is 2b4 (base 12) in base 9?
521
8bb (base 12) to base 8
2417
-10010101110 (base 2) to base 8
-2256
Convert 5226 (base 9) to base 7.
14112
What is -120012 (base 3) in base 9?
-505
Convert 11465 (base 7) 